315
In base 5, what is 310420 - 12103420?
-11243000
In base 2, what is -1100101101110110 - 1011100?
-1100101111010010
In base 9, what is -2200313 + -4?
-2200317
In base 9, what is 53034 - 1280?
51644
In base 16, what is -2b42bc4 + 0?
-2b42bc4
In base 4, what is -122201 + 131233120?
131110313
In base 12, what is 15a09b0 + -1?
15a09ab
In base 14, what is -7 - 185d249?
-185d252
In base 5, what is -420 + 21304031?
21303111
In base 8, what is 44010 + -11?
43777
In base 3, what is 112110201 - -20220?
112201121
In base 6, what is -4102 + -235244?
-243350
In base 11, what is -27a3449 - -9a?
-27a335a
In base 5, what is -3423313 - 1130?
-3424443
In base 2, what is 101110101 - -11001010001110000011?
11001010010011111000
In base 9, what is 7 - 2741256?
-2741248
In base 10, what is 19596334 + -12?
19596322
In base 15, what is -281a - 2c9?
-2ae4
In base 4, what is 103002233223 - -2?
103002233231
In base 16, what is 37bc362e - 5?
37bc3629
In base 16, what is -19e + a0a?
86c
In base 12, what is aab234 + 5?
aab239
In base 11, what is 3 + -28543852?
-2854384a
In base 6, what is 5454433 - 1?
5454432
In base 3, what is 11212102000000112 - -10?
11212102000000122
In base 12, what is -a221b - 1435?
-a3654
In base 5, what is -230033104 - -103?
-230033001
In base 14, what is -90a - -22c8b?
22381
In base 6, what is -1154 - -104242?
103044
In base 8, what is 604 - -1000141?
1000745
In base 11, what is -60 + 28505?
28455
In base 11, what is -90a664 - 5?
-90a669
In base 12, what is 1a - 79248?
-7922a
In base 6, what is 514124455 + -2?
514124453
In base 16, what is -12f - -9507c?
94f4d
In base 2, what is 10110101 + 1000110101000?
1001001011101
In base 15, what is c8 - c659?
-c581
In base 8, what is -17104 - -1753?
-15131
In base 8, what is -26552 - -35127?
6355
In base 7, what is -5 + -131223454?
-131223462
In base 5, what is -22334 + 234011?
211122
In base 12, what is -38717827 - 1?
-38717828
In base 13, what is -8b53 + -21b?
-9071
In base 11, what is 5063 - 1506?
3658
In base 4, what is 2122233 + 1033?
2123332
In base 14, what is 3 - 19b074?
-19b071
In base 14, what is 48d + 30c0?
356d
In base 8, what is -133057676 - 5?
-133057703
In base 11, what is 25 - 504817?
-5047a2
In base 16, what is -c + cbb43?
cbb37
In base 15, what is 0 + -1b41a7e?
-1b41a7e
In base 11, what is -843835 + 5?
-843830
In base 6, what is -52145 - 244040?
-340225
In base 8, what is -1420 - -1421126?
1417506
In base 5, what is 13 - 1131211424?
-1131211411
In base 5, what is -20201423034 + 14?
-20201423020
In base 10, what is -1091488 + -183?
-1091671
In base 14, what is -5 + -276c98?
-276c9d
In base 2, what is 111001000101010001111101000 - -101?
111001000101010001111101101
In base 16, what is -8a04c + -da?
-8a126
In base 3, what is -220000102100202 - -22?
-220000102100110
In base 5, what is -11134311204 + 1?
-11134311203
In base 13, what is -267 - -36786?
3651c
In base 16, what is -2d974 - -45b?
-2d519
In base 16, what is 76716 + 24?
7673a
In base 8, what is 22 - 25477277?
-25477255
In base 3, what is -2000201200000111 + 12?
-2000201200000022
In base 5, what is -1231 - 2104343?
-2111124
In base 4, what is 103232001 - 1102?
103230233
In base 5, what is -121302421123 - 11?
-121302421134
In base 15, what is -17d57b + 9?
-17d572
In base 2, what is 10011110001011100010101000111 - 1?
10011110001011100010101000110
In base 2, what is -10 - -1111101001101100001110?
1111101001101100001100
In base 3, what is 1011110020220 + 1100?
1011110022020
In base 13, what is -263c1 - 463?
-26854
In base 4, what is -11103311222 - 20?
-11103311302
In base 3, what is 120110 - -1000221000211?
1000221121021
In base 8, what is -4152376 - -34?
-4152342
In base 11, what is -52 + -5327?
-5379
In base 16, what is -32 + 7adca?
7ad98
In base 11, what is 13 + aa25a55?
aa25a68
In base 14, what is -418cc + 9?
-418c3
In base 13, what is 121c873 + -14?
121c85c
In base 12, what is -66a8 + -63?
-674b
In base 11, what is 465 + 168587?
168a41
In base 12, what is -2b2a9569 + -3?
-2b2a9570
In base 15, what is 8d - e9a6a?
-e99cc
In base 7, what is -101 - -1340?
1236
In base 11, what is 72755312 - 2?
72755310
In base 7, what is -16 + 12034650?
12034631
In base 12, what is b50a22 - 50?
b50992
In base 3, what is 110210011201210 - 2?
110210011201201
In base 15, what is a6810 - -14?
a6824
In base 10, what is 2 - 9027145?
-9027143
In base 15, what is -324 + 19a8?
1684
In base 2, what is 101110 - -11110111111010?
11111000101000
In base 5, what is -2121101422 - 1033?
-2121103010
In base 14, what is 0 + -4db027?
-4db027
In base 16, what is -1e - -23eadc?
23eabe
In base 5, what is 4 + 41323243322?
41323243331
In base 10, what is 0 + -17159379?
-17159379
In base 8, what is -26765 - 1013?
-30000
In base 15, what is 406d50 + 14?
406d64
In base 13, what is -4 - 13395866?
-1339586a
In base 14, what is -2 + -2869020?
-2869022
In base 8, what is -2353711020 + 7?
-2353711011
In base 6, what is -21103055 + 0?
-21103055
In base 3, what is -21212011 + 100111011?
1122000
In base 13, what is -1 - a95b22a?
-a95b22b
In base 16, what is -41daa + -15?
-41dbf
In base 14, what is 2a8b95b - 5?
2a8b956
In base 15, what is 0 - 6c4e56?
-6c4e56
In base 10, what is -4099238 + 0?
-4099238
In base 9, what is -4 - 4465141?
-4465145
In base 2, what is 10010010110001100100 + -11100?
10010010110001001000
In base 13, what is 536b - -a2b?
6099
In base 14, what is 15331782 + -1?
15331781
In base 5, what is 114 + 400404332?
400410001
In base 4, what is -323010031213 + 0?
-323010031213
In base 7, what is -22623030 - -4?
-22623023
In base 3, what is 121000201 - -1102020011?
2000020212
In base 12, what is -235a70b8 - -3?
-235a70b5
In base 11, what is -80a8374 - 0?
-80a8374
In base 9, what is -240 + 332665?
332425
In base 6, what is 5 + -221105120?
-221105111
In base 10, what is -158480853 - -3?
-158480850
In base 8, what is 5001 + -345711?
-340710
In base 10, what is -32441686 - -19?
-32441667
In base 15, what is 2 - 47ea852?
-47ea850
In base 3, what is -210222021010212 + -11?
-210222021011000
In base 11, what is 17 - -8812?
8829
In base 13, what is 103b4 - -21?
10405
In base 2, what is -1000010010000000011100 - 110?
-1000010010000000100010
In base 6, what is -230410 + 12320?
-214050
In base 8, what is -510 + -3576633?
-3577343
In base 10, what is 2905 - 2508?
397
In base 15, what is -6075b + 24b?
-60510
In base 9, what is 4 + -7381731?
-7381726
In base 3, what is 1201202020112110 - -12?
1201202020112122
In base 11, what is -99074 + 3217?
-95958
In base 2, what is 1001111011000000001110 - -101?
1001111011000000010011
In base 11, what is 40a50 - 84?
40977
In base 9, what is 260406 + 43?
260450
In base 13, what is 36a73a + -119?
36a621
In base 2, what is -101 - 11111000010111011110000?
-11111000010111011110101
In base 4, what is 1130322002 + 1323?
1130323331
In base 11, what is 3317637 + -2?
3317635
In base 12, what is 893 + -11ba?
-527
In base 11, what is 64a + -21a230?
-219691
In base 9, what is -7458725 + 12?
-7458713
In base 8, what is -7202 + -31462?
-40664
In base 11, what is 1 + -4201769?
-4201768
In base 2, what is -1000 + 1101110100110010111111010?
1101110100110010111110010
In base 9, what is -58437 - 53?
-58501
In base 7, what is -4 + -104563604?
-104563611
In base 13, what is 3 - 91501c?
-915019
In base 9, what is 2 + -16742451?
-16742448
In base 16, what is -ffe0 - 6e?
-1004e
In base 2, what is -111010111001 + 110101111011111?
101110100100110
In base 3, what is -100111200102211 + 12121?
-100111200020020
In base 14, what is -68d8 - -2a7?
-6631
In base 5, what is -10043404 - -122?
-10043232
In base 2, what is 1100 - 11111011011001111011?
-11111011011001101111
In base 5, what is 3411424344 - -301?
3411430200
In base 14, what is -4609d21 + 4?
-4609d1b
In base 12, what is 3 + 12010a3?
12010a6
In base 4, what is -13 - -213222033?
213222020
In base 15, what is -749 + bac0?
b376
In base 6, what is 3132 - 105251?
-102115
In base 5, what is -23310312 - -2221?
-23303041
In base 13, what is -16b76 + 304?
-16872
In base 15, what is -3d12 - 25125?
-28e37
In base 15, what is d4c2ddd - 0?
d4c2ddd
In base 13, what is -865b1566 - 5?
-865b156b
In base 15, what is -429 - -45d1?
41a7
In base 12, what is -5 - 3806258?
-3806261
In base 5, what is 203 - 101211323?
-101211120
In base 13, what is 13194a +